divided by 54.
20
What is the remainder when 243 is divided by 49?
47
What is the remainder when 70 is divided by 27?
16
Calculate the remainder when 780 is divided by 34.
32
Calculate the remainder when 101 is divided by 36.
29
Calculate the remainder when 8846 is divided by 1473.
8
Calculate the remainder when 94 is divided by 25.
19
Calculate the remainder when 1374 is divided by 53.
49
Calculate the remainder when 106 is divided by 93.
13
Calculate the remainder when 340 is divided by 11.
10
What is the remainder when 1661 is divided by 282?
251
Calculate the remainder when 1593 is divided by 176.
9
Calculate the remainder when 1109 is divided by 11.
9
What is the remainder when 46 is divided by 3?
1
Calculate the remainder when 940 is divided by 188.
0
Calculate the remainder when 17 is divided by 9.
8
What is the remainder when 804 is divided by 4?
0
Calculate the remainder when 620 is divided by 48.
44
Calculate the remainder when 236 is divided by 74.
14
Calculate the remainder when 3653 is divided by 174.
173
What is the remainder when 11 is divided by 2?
1
What is the remainder when 38 is divided by 5?
3
What is the remainder when 507 is divided by 30?
27
Calculate the remainder when 147 is divided by 72.
3
What is the remainder when 182 is divided by 62?
58
Calculate the remainder when 1113 is divided by 62.
59
Calculate the remainder when 458 is divided by 8.
2
Calculate the remainder when 42 is divided by 16.
10
Calculate the remainder when 242 is divided by 12.
2
Calculate the remainder when 247 is divided by 23.
17
What is the remainder when 1518 is divided by 497?
27
Calculate the remainder when 2230 is divided by 140.
130
What is the remainder when 189 is divided by 64?
61
What is the remainder when 357 is divided by 60?
57
Calculate the remainder when 230 is divided by 107.
16
What is the remainder when 91 is divided by 4?
3
Calculate the remainder when 53 is divided by 7.
4
Calculate the remainder when 115 is divided by 15.
10
Calculate the remainder when 74 is divided by 11.
8
Calculate the remainder when 155 is divided by 25.
5
Calculate the remainder when 88 is divided by 13.
10
Calculate the remainder when 567 is divided by 45.
27
Calculate the remainder when 488 is divided by 466.
22
What is the remainder when 211 is divided by 114?
97
Calculate the remainder when 94 is divided by 53.
41
Calculate the remainder when 443 is divided by 102.
35
What is the remainder when 552 is divided by 404?
148
Calculate the remainder when 63 is divided by 9.
0
Calculate the remainder when 165 is divided by 65.
35
Calculate the remainder when 2332 is divided by 759.
55
What is the remainder when 3633 is divided by 36?
33
What is the remainder when 244 is divided by 31?
27
Calculate the remainder when 528 is divided by 133.
129
Calculate the remainder when 342 is divided by 4.
2
Calculate the remainder when 229 is divided by 83.
63
What is the remainder when 243 is divided by 29?
11
Calculate the remainder when 591 is divided by 6.
3
Calculate the remainder when 2413 is divided by 89.
10
Calculate the remainder when 961 is divided by 88.
81
Calculate the remainder when 491 is divided by 24.
11
Calculate the remainder when 42 is divided by 15.
12
What is the remainder when 33 is divided by 7?
5
Calculate the remainder when 1888 is divided by 61.
58
What is the remainder when 160 is divided by 85?
75
Calculate the remainder when 323 is divided by 16.
3
Calculate the remainder when 765 is divided by 24.
21
What is the remainder when 441 is divided by 34?
33
What is the remainder when 699 is divided by 4?
3
What is the remainder when 395 is divided by 40?
35
What is the remainder when 78 is divided by 27?
24
Calculate the remainder when 7150 is divided by 77.
66
What is the remainder when 4000 is divided by 43?
1
Calculate the remainder when 195 is divided by 50.
45
What is the remainder when 73 is divided by 24?
1
Calculate the remainder when 157 is divided by 75.
7
What is the remainder when 344 is divided by 52?
32
Calculate the remainder when 459 is divided by 69.
45
Calculate the remainder when 48 is divided by 5.
3
Calculate the remainder when 8729 is divided by 194.
193
Calculate the remainder when 108 is divided by 37.
34
Calculate the remainder when 281 is divided by 47.
46
What is the remainder when 19607 is divided by 38?
37
Calculate the remainder when 7378 is divided by 3681.
16
What is the remainder when 50 is divided by 17?
16
Calculate the remainder when 1012 is divided by 31.
20
Calculate the remainder when 89 is divided by 74.
15
Calculate the remainder when 7407 is divided by 130.
127
Calculate the remainder when 284 is divided by 111.
62
Calculate the remainder when 76598 is divided by 31.
28
What is the remainder when 378 is divided by 76?
74
What is the remainder when 1006 is divided by 72?
70
Calculate the remainder when 2306 is divided by 93.
74
Calculate the remainder when 1748 is divided by 53.
52
What is the remainder when 436 is divided by 19?
18
What is the remainder when 593 is divided by 95?
23
What is the remainder when 771 is divided by 384?
3
Calculate the remainder when 3855 is divided by 1901.
53
What is the remainder when 323 is divided by 59?
28
What is the remainder when 64 is divided by 11?
9
What is the remainder when 173 is divided by 26?
17
What is the remainder when 58 is divided by 31?
27
Calculate the remainder when 344 is divided by 38.
2
Calculate the remainder when 871 is divided by 126.
115
Calculate the remainder when 336 is divided by 34.
30
What is the remainder when 144 is divided by 37?
33
Calculate the remainder when 188 is divided by 156.
32
Calculate the remainder when 828 is divided by 33.
3
What is the remainder when 863 is divided by 173?
171
What is the remainder when 1309 is divided by 57?
55
What is the remainder when 45 is divided by 26?
19
Calculate the remainder when 52 is divided by 18.
16
Calculate the remainder when 103 is divided by 21.
19
Calculate the remainder when 338 is divided by 50.
38
Calculate the remainder when 14575 is divided by 43.
41
Calculate the remainder when 592 is divided by 103.
77
What is the remainder when 213 is divided by 75?
63
Calculate the remainder when 834 is divided by 397.
40
What is the remainder when 169 is divided by 78?
13
Calculate the remainder when 654 is divided by 73.
70
Calculate the remainder when 187 is divided by 70.
47
Calculate the remainder when 128 is divided by 9.
2
Calculate the remainder when 294 is divided by 100.
94
What is the remainder when 76 is divided by 37?
2
Calculate the remainder when 188 is divided by 5.
3
What is the remainder when 39 is divided by 4?
3
Calculate the remainder when 94 is divided by 28.
10
Calculate the remainder when 127 is divided by 20.
7
Calculate the remainder when 194 is divided by 60.
14
What is the remainder when 128 is divided by 61?
6
What is the remainder when 111 is divided by 74?
37
What is the remainder when 3943 is divided by 15?
13
Calculate the remainder when 528 is divided by 5.
3
Calculate the remainder when 962 is divided by 331.
300
What is the remainder when 343 is divided by 61?
38
Calculate the remainder when 14 is divided by 4.
2
What is the remainder when 202 is divided by 42?
34
Calculate the remainder when 187 is divided by 27.
25
What is the remainder when 817 is divided by 85?
52
Calculate the remainder when 400 is divided by 46.
32
What is the remainder when 576 is divided by 285?
6
What is the remainder when 463 is divided by 15?
13
Calculate the remainder when 41 is divided by 5.
1
Calculate the remainder when 75 is divided by 13.
10
What is the remainder when 512 is divided by 15?
2
Calculate the remainder when 1178 is divided by 128.
26
Calculate the remainder when 458 is divided by 42.
38
What is the remainder when 1775 is divided by 309?
230
What is the remainder when 6616 is divided by 125?
116
Calculate the remainder when 224 is divided by 48.
32
What is the remainder when 1385 is divided by 114?
17
What is the remainder when 846 is divided by 77?
76
What is the remainder when 491 is divided by 13?
10
What is the remainder when 103 is divided by 28?
19
Calculate the remainder when 1151 is divided by 16.
15
What is the remainder when 26 is divided by 